{"id":1664,"date":"2021-01-08T12:33:51","date_gmt":"2021-01-08T11:33:51","guid":{"rendered":"https:\/\/t4lent.eu\/index.php\/sobre-talent-4-0\/"},"modified":"2021-01-08T12:34:37","modified_gmt":"2021-01-08T11:34:37","slug":"sobre-talent-4-0","status":"publish","type":"page","link":"https:\/\/t4lent.eu\/index.php\/sobre-talent-4-0\/?lang=es","title":{"rendered":"Sobre Talent 4.0"},"content":{"rendered":"\t\t<div data-elementor-type=\"wp-page\" data-elementor-id=\"1664\" class=\"elementor elementor-1664 elementor-107\" data-elementor-settings=\"[]\">\n\t\t\t\t\t\t<div class=\"elementor-inner\">\n\t\t\t\t\t\t\t<div class=\"elementor-section-wrap\">\n\t\t\t\t\t\t\t<section class=\"elementor-section elementor-top-section elementor-element elementor-element-0554634 elementor-section-boxed elementor-section-height-default elementor-section-height-default\" data-id=\"0554634\" data-element_type=\"section\">\n\t\t\t\t\t\t<div class=\"elementor-container elementor-column-gap-default\">\n\t\t\t\t\t\t\t<div class=\"elementor-row\">\n\t\t\t\t\t<div class=\"elementor-column elementor-col-100 elementor-top-column elementor-element elementor-element-febf76d\" data-id=\"febf76d\" data-element_type=\"column\">\n\t\t\t<div class=\"elementor-column-wrap elementor-element-populated\">\n\t\t\t\t\t\t\t<div class=\"elementor-widget-wrap\">\n\t\t\t\t\t\t<div class=\"elementor-element elementor-element-6a348c4 elementor-widget elementor-widget-text-editor\" data-id=\"6a348c4\" data-element_type=\"widget\" data-widget_type=\"text-editor.default\">\n\t\t\t\t<div class=\"elementor-widget-container\">\n\t\t\t\t\t<div class=\"elementor-text-editor elementor-clearfix\"><p>El Proyecto Talento 4.0 tiene como objetivo desarrollar recursos para permitir que las Peque\u00f1as y Medianas Empresas (PYMES) apliquen la Gesti\u00f3n y An\u00e1lisis del Talento moderno en su estrategia comercial y pr\u00e1ctica de RRHH. Adem\u00e1s, quiere hacer una cerrar la brecha entre las pr\u00e1cticas de FP y las necesidades empresariales.<\/p>\n<\/div>\n\t\t\t\t<\/div>\n\t\t\t\t<\/div>\n\t\t\t\t<section class=\"elementor-section elementor-inner-section elementor-element elementor-element-608bdaa elementor-section-boxed elementor-section-height-default elementor-section-height-default\" data-id=\"608bdaa\" data-element_type=\"section\">\n\t\t\t\t\t\t<div class=\"elementor-container elementor-column-gap-default\">\n\t\t\t\t\t\t\t<div class=\"elementor-row\">\n\t\t\t\t\t<div class=\"elementor-column elementor-col-50 elementor-inner-column elementor-element elementor-element-889e670\" data-id=\"889e670\" data-element_type=\"column\">\n\t\t\t<div class=\"elementor-column-wrap elementor-element-populated\">\n\t\t\t\t\t\t\t<div class=\"elementor-widget-wrap\">\n\t\t\t\t\t\t<div class=\"elementor-element elementor-element-d86756c elementor-widget elementor-widget-text-editor\" data-id=\"d86756c\" data-element_type=\"widget\" data-widget_type=\"text-editor.default\">\n\t\t\t\t<div class=\"elementor-widget-container\">\n\t\t\t\t\t<div class=\"elementor-text-editor elementor-clearfix\"><p>Esta asociaci\u00f3n de proyectos europeos<\/p>\n<ul>\n<li> realiza una investigaci\u00f3n para conocer el estado actual de las pr\u00e1cticas de gesti\u00f3n del talento y las necesidades de formaci\u00f3n de las pymes <\/li>\n<li> recopila herramientas e instrumentos de gesti\u00f3n del talento disponibles para los procesos importantes de gesti\u00f3n del talento de las pymes y <\/li>\n<li> finalmente desarrolla y prueba un programa especial de capacitaci\u00f3n en Gesti\u00f3n del Talento para responsables de RRHH, propietarios de empresas y gerentes. <\/li>\n<\/ul>\n<\/div>\n\t\t\t\t<\/div>\n\t\t\t\t<\/div>\n\t\t\t\t\t\t<\/div>\n\t\t\t\t\t<\/div>\n\t\t<\/div>\n\t\t\t\t<div class=\"elementor-column elementor-col-50 elementor-inner-column elementor-element elementor-element-325f35b\" data-id=\"325f35b\" data-element_type=\"column\">\n\t\t\t<div class=\"elementor-column-wrap elementor-element-populated\">\n\t\t\t\t\t\t\t<div class=\"elementor-widget-wrap\">\n\t\t\t\t\t\t<div class=\"elementor-element elementor-element-4729cf5 elementor-widget__width-initial elementor-widget elementor-widget-image\" data-id=\"4729cf5\" data-element_type=\"widget\" data-widget_type=\"image.default\">\n\t\t\t\t<div class=\"elementor-widget-container\">\n\t\t\t\t\t<div class=\"elementor-image\">\n\t\t\t\t\t\t\t\t\t\t<img width=\"812\" height=\"1024\" src=\"https:\/\/t4lent.eu\/wp-content\/uploads\/2019\/11\/Results_Content_Foto-812x1024.jpg\" class=\"attachment-large size-large\" alt=\"\" loading=\"lazy\" srcset=\"https:\/\/t4lent.eu\/wp-content\/uploads\/2019\/11\/Results_Content_Foto-812x1024.jpg 812w, https:\/\/t4lent.eu\/wp-content\/uploads\/2019\/11\/Results_Content_Foto-238x300.jpg 238w, https:\/\/t4lent.eu\/wp-content\/uploads\/2019\/11\/Results_Content_Foto-768x969.jpg 768w\" sizes=\"(max-width: 812px) 100vw, 812px\" \/>\t\t\t\t\t\t\t\t\t\t\t<\/div>\n\t\t\t\t<\/div>\n\t\t\t\t<\/div>\n\t\t\t\t\t\t<\/div>\n\t\t\t\t\t<\/div>\n\t\t<\/div>\n\t\t\t\t\t\t\t\t<\/div>\n\t\t\t\t\t<\/div>\n\t\t<\/section>\n\t\t\t\t\t\t<\/div>\n\t\t\t\t\t<\/div>\n\t\t<\/div>\n\t\t\t\t\t\t\t\t<\/div>\n\t\t\t\t\t<\/div>\n\t\t<\/section>\n\t\t\t\t<section class=\"elementor-section elementor-top-section elementor-element elementor-element-c7ae0f9 elementor-section-boxed elementor-section-height-default elementor-section-height-default\" data-id=\"c7ae0f9\" data-element_type=\"section\">\n\t\t\t\t\t\t<div class=\"elementor-container elementor-column-gap-default\">\n\t\t\t\t\t\t\t<div class=\"elementor-row\">\n\t\t\t\t\t<div class=\"elementor-column elementor-col-100 elementor-top-column elementor-element elementor-element-414dca5\" data-id=\"414dca5\" data-element_type=\"column\">\n\t\t\t<div class=\"elementor-column-wrap elementor-element-populated\">\n\t\t\t\t\t\t\t<div class=\"elementor-widget-wrap\">\n\t\t\t\t\t\t<div class=\"elementor-element elementor-element-645b71c elementor-widget elementor-widget-html\" data-id=\"645b71c\" data-element_type=\"widget\" data-widget_type=\"html.default\">\n\t\t\t\t<div class=\"elementor-widget-container\">\n\t\t\t<iframe src=\"https:\/\/www.facebook.com\/plugins\/video.php?href=https%3A%2F%2Fwww.facebook.com%2Ft4lent.eu%2Fvideos%2F2526319291025012%2F&show_text=0&width=560\" width=\"560\" height=\"600\" style=\"border:none;overflow:hidden\" scrolling=\"no\" frameborder=\"0\" allowTransparency=\"true\" allowFullScreen=\"true\"><\/iframe>\t\t<\/div>\n\t\t\t\t<\/div>\n\t\t\t\t\t\t<\/div>\n\t\t\t\t\t<\/div>\n\t\t<\/div>\n\t\t\t\t\t\t\t\t<\/div>\n\t\t\t\t\t<\/div>\n\t\t<\/section>\n\t\t\t\t\t\t<\/div>\n\t\t\t\t\t\t<\/div>\n\t\t\t\t\t<\/div>\n\t\t","protected":false},"excerpt":{"rendered":"<p>El Proyecto Talento 4.0 tiene como objetivo desarrollar recursos para permitir que las Peque\u00f1as y Medianas Empresas (PYMES) apliquen la Gesti\u00f3n y An\u00e1lisis del Talento moderno en su estrategia comercial y pr\u00e1ctica de RRHH. Adem\u00e1s, quiere hacer una cerrar la brecha entre las pr\u00e1cticas de FP y las necesidades empresariales. Esta asociaci\u00f3n de proyectos europeos &#8230; <a title=\"Sobre Talent 4.0\" class=\"read-more\" href=\"https:\/\/t4lent.eu\/index.php\/sobre-talent-4-0\/?lang=es\" aria-label=\"More on Sobre Talent 4.0\">Read more<\/a><\/p>\n","protected":false},"author":3,"featured_media":0,"parent":0,"menu_order":0,"comment_status":"closed","ping_status":"closed","template":"","meta":{"_monsterinsights_skip_tracking":false,"_monsterinsights_sitenote_active":false,"_monsterinsights_sitenote_note":"","_monsterinsights_sitenote_category":0},"_links":{"self":[{"href":"https:\/\/t4lent.eu\/index.php\/wp-json\/wp\/v2\/pages\/1664"}],"collection":[{"href":"https:\/\/t4lent.eu\/index.php\/wp-json\/wp\/v2\/pages"}],"about":[{"href":"https:\/\/t4lent.eu\/index.php\/wp-json\/wp\/v2\/types\/page"}],"author":[{"embeddable":true,"href":"https:\/\/t4lent.eu\/index.php\/wp-json\/wp\/v2\/users\/3"}],"replies":[{"embeddable":true,"href":"https:\/\/t4lent.eu\/index.php\/wp-json\/wp\/v2\/comments?post=1664"}],"version-history":[{"count":3,"href":"https:\/\/t4lent.eu\/index.php\/wp-json\/wp\/v2\/pages\/1664\/revisions"}],"predecessor-version":[{"id":1667,"href":"https:\/\/t4lent.eu\/index.php\/wp-json\/wp\/v2\/pages\/1664\/revisions\/1667"}],"wp:attachment":[{"href":"https:\/\/t4lent.eu\/index.php\/wp-json\/wp\/v2\/media?parent=1664"}],"curies":[{"name":"wp","href":"https:\/\/api.w.org\/{rel}","templated":true}]}}

<div data-elementor-type="wp-page" data-elementor-id="1664" class="elementor elementor-1664 elementor-107" data-elementor-settings="[]">
						<div class="elementor-inner">
							<div class="elementor-section-wrap">
							<section class="elementor-section elementor-top-section elementor-element elementor-element-0554634 elementor-section-boxed elementor-section-height-default elementor-section-height-default" data-id="0554634" data-element_type="section">
						<div class="elementor-container elementor-column-gap-default">
							<div class="elementor-row">
					<div class="elementor-column elementor-col-100 elementor-top-column elementor-element elementor-element-febf76d" data-id="febf76d" data-element_type="column">
			<div class="elementor-column-wrap elementor-element-populated">
							<div class="elementor-widget-wrap">
						<div class="elementor-element elementor-element-6a348c4 elementor-widget elementor-widget-text-editor" data-id="6a348c4" data-element_type="widget" data-widget_type="text-editor.default">
				<div class="elementor-widget-container">
					<div class="elementor-text-editor elementor-clearfix"><p>El Proyecto Talento 4.0 tiene como objetivo desarrollar recursos para permitir que las Pequeñas y Medianas Empresas (PYMES) apliquen la Gestión y Análisis del Talento moderno en su estrategia comercial y práctica de RRHH. Además, quiere hacer una cerrar la brecha entre las prácticas de FP y las necesidades empresariales.</p>
</div>
				</div>
				</div>
				<section class="elementor-section elementor-inner-section elementor-element elementor-element-608bdaa elementor-section-boxed elementor-section-height-default elementor-section-height-default" data-id="608bdaa" data-element_type="section">
						<div class="elementor-container elementor-column-gap-default">
							<div class="elementor-row">
					<div class="elementor-column elementor-col-50 elementor-inner-column elementor-element elementor-element-889e670" data-id="889e670" data-element_type="column">
			<div class="elementor-column-wrap elementor-element-populated">
							<div class="elementor-widget-wrap">
						<div class="elementor-element elementor-element-d86756c elementor-widget elementor-widget-text-editor" data-id="d86756c" data-element_type="widget" data-widget_type="text-editor.default">
				<div class="elementor-widget-container">
					<div class="elementor-text-editor elementor-clearfix"><p>Esta asociación de proyectos europeos</p>
<ul>
<li> realiza una investigación para conocer el estado actual de las prácticas de gestión del talento y las necesidades de formación de las pymes </li>
<li> recopila herramientas e instrumentos de gestión del talento disponibles para los procesos importantes de gestión del talento de las pymes y </li>
<li> finalmente desarrolla y prueba un programa especial de capacitación en Gestión del Talento para responsables de RRHH, propietarios de empresas y gerentes. </li>
</ul>
</div>
				</div>
				</div>
						</div>
					</div>
		</div>
				<div class="elementor-column elementor-col-50 elementor-inner-column elementor-element elementor-element-325f35b" data-id="325f35b" data-element_type="column">
			<div class="elementor-column-wrap elementor-element-populated">
							<div class="elementor-widget-wrap">
						<div class="elementor-element elementor-element-4729cf5 elementor-widget__width-initial elementor-widget elementor-widget-image" data-id="4729cf5" data-element_type="widget" data-widget_type="image.default">
				<div class="elementor-widget-container">
					<div class="elementor-image">
										<img width="812" height="1024" src="https://t4lent.eu/wp-content/uploads/2019/11/Results_Content_Foto-812x1024.jpg" class="attachment-large size-large" alt="" loading="lazy" srcset="https://t4lent.eu/wp-content/uploads/2019/11/Results_Content_Foto-812x1024.jpg 812w, https://t4lent.eu/wp-content/uploads/2019/11/Results_Content_Foto-238x300.jpg 238w, https://t4lent.eu/wp-content/uploads/2019/11/Results_Content_Foto-768x969.jpg 768w" sizes="(max-width: 812px) 100vw, 812px" />											</div>
				</div>
				</div>
						</div>
					</div>
		</div>
								</div>
					</div>
		</section>
						</div>
					</div>
		</div>
								</div>
					</div>
		</section>
				<section class="elementor-section elementor-top-section elementor-element elementor-element-c7ae0f9 elementor-section-boxed elementor-section-height-default elementor-section-height-default" data-id="c7ae0f9" data-element_type="section">
						<div class="elementor-container elementor-column-gap-default">
							<div class="elementor-row">
					<div class="elementor-column elementor-col-100 elementor-top-column elementor-element elementor-element-414dca5" data-id="414dca5" data-element_type="column">
			<div class="elementor-column-wrap elementor-element-populated">
							<div class="elementor-widget-wrap">
						<div class="elementor-element elementor-element-645b71c elementor-widget elementor-widget-html" data-id="645b71c" data-element_type="widget" data-widget_type="html.default">
				<div class="elementor-widget-container">
			<iframe src="https://www.facebook.com/plugins/video.php?href=https%3A%2F%2Fwww.facebook.com%2Ft4lent.eu%2Fvideos%2F2526319291025012%2F&show_text=0&width=560" width="560" height="600" style="border:none;overflow:hidden" scrolling="no" frameborder="0" allowTransparency="true" allowFullScreen="true"></iframe>		</div>
				</div>
						</div>
					</div>
		</div>
								</div>
					</div>
		</section>
						</div>
						</div>
					</div>

<p>El Proyecto Talento 4.0 tiene como objetivo desarrollar recursos para permitir que las Pequeñas y Medianas Empresas (PYMES) apliquen la Gestión y Análisis del Talento moderno en su estrategia comercial y práctica de RRHH. Además, quiere hacer una cerrar la brecha entre las prácticas de FP y las necesidades empresariales. Esta asociación de proyectos europeos &#8230; <a title="Sobre Talent 4.0" class="read-more" href="https://t4lent.eu/index.php/sobre-talent-4-0/?lang=es" aria-label="More on Sobre Talent 4.0">Read more</a></p>
