{"id":115,"date":"2019-11-07T12:49:18","date_gmt":"2019-11-07T11:49:18","guid":{"rendered":"https:\/\/t4lent.eu\/?page_id=115"},"modified":"2021-02-10T11:40:51","modified_gmt":"2021-02-10T10:40:51","slug":"resultate","status":"publish","type":"page","link":"https:\/\/t4lent.eu\/index.php\/resultate\/?lang=de","title":{"rendered":"Projektergebnisse"},"content":{"rendered":"\n<p class=\"has-medium-font-size\">Das Projekt Talent 4.0 entwickelt drei innovative Produkte,&#013;\num KMUs beim Einstieg in das betriebliche Talentmanagement zu unterst\u00fctzen.<\/p>\n<div class=\"wp-block-editor-blocks-features col-3\">\r\n<div class=\"feature feature-0\">\r\n\r\n<img class=\"feature__image\" src=\"https:\/\/t4lent.eu\/wp-content\/uploads\/2019\/11\/iconfinder_8_2958194.png\" alt=\"Feature Image\" \/>\r\n<h3><strong>Studie<\/strong><\/h3>\r\nEine Studie \u00fcber die aktuelle Talentmanagement-Praxis und die Bed\u00fcrfnisse von KMU in den sieben Partnerl\u00e4ndern. Diese fasst die Ergebnisse einer Umfrage und einer Sekund\u00e4ranalyse zusammen und bildet den Ausgangspunkt f\u00fcr die n\u00e4chsten Ergebnisse&#8230;\r\n<p class=\"feature__text\"><a href=\"https:\/\/t4lent.eu\/index.php\/talent-4-0-investigation-research-report\/?lang=de\">Weiterlesen&#8230;<\/a><\/p>\r\n\r\n<\/div>\r\n<div class=\"feature feature-1\">\r\n\r\n<img loading=\"lazy\" class=\"feature__image\" src=\"https:\/\/t4lent.eu\/wp-content\/uploads\/2019\/11\/iconfinder_15_2958201.png\" alt=\"Feature Image\" width=\"125\" height=\"125\" \/>\r\n<h3 class=\"feature__heading\"><strong>Talentmanagement Toolbox<\/strong><\/h3>\r\n<p class=\"feature__text\">Eine Sammlung verschiedener Tools f\u00fcr alle Bereiche betrieblichen Talentmanagements. Diese reichen von Lehrvideos, Podcasts, Checklisten bis hin zu webbasierten Softwarel\u00f6sungen.<\/p>\r\n<a href=\"https:\/\/t4lent.eu\/index.php\/talent-4-0-toolbox\/?lang=de\">Weiterlesen&#8230;<\/a>\r\n\r\n<\/div>\r\n<div class=\"feature feature-2\">\r\n\r\n<img loading=\"lazy\" class=\"feature__image\" src=\"https:\/\/t4lent.eu\/wp-content\/uploads\/2019\/11\/iconfinder_7_2958193.png\" alt=\"Feature Image\" width=\"124\" height=\"124\" \/>\r\n<h3 class=\"feature__heading\"><strong>Trainingsprogramm<\/strong><\/h3>\r\n<p class=\"feature__text\">Ein 5-t\u00e4giges Trainingsprogramm, das den gesamten Prozess betrieblichen Talentmanagements von der Strategieentwicklung \u00fcber die Talentgewinnung bis hin zur Ver\u00e4nderung der Organisationskultur und HR-Praktiken abdeckt.<\/p>\r\n<a href=\"https:\/\/t4lent.eu\/index.php\/talent-4-0-schulungsprogramm\/?lang=de\">Weiterlesen&#8230;<\/a>\r\n\r\n<\/div>\r\n<\/div>\n<p><\/p>\n","protected":false},"excerpt":{"rendered":"<p>Das Projekt Talent 4.0 entwickelt drei innovative Produkte,&#013; um KMUs beim Einstieg in das betriebliche Talentmanagement zu unterst\u00fctzen.<\/p>\n","protected":false},"author":3,"featured_media":868,"parent":0,"menu_order":0,"comment_status":"closed","ping_status":"closed","template":"","meta":{"_monsterinsights_skip_tracking":false,"_monsterinsights_sitenote_active":false,"_monsterinsights_sitenote_note":"","_monsterinsights_sitenote_category":0},"_links":{"self":[{"href":"https:\/\/t4lent.eu\/index.php\/wp-json\/wp\/v2\/pages\/115"}],"collection":[{"href":"https:\/\/t4lent.eu\/index.php\/wp-json\/wp\/v2\/pages"}],"about":[{"href":"https:\/\/t4lent.eu\/index.php\/wp-json\/wp\/v2\/types\/page"}],"author":[{"embeddable":true,"href":"https:\/\/t4lent.eu\/index.php\/wp-json\/wp\/v2\/users\/3"}],"replies":[{"embeddable":true,"href":"https:\/\/t4lent.eu\/index.php\/wp-json\/wp\/v2\/comments?post=115"}],"version-history":[{"count":15,"href":"https:\/\/t4lent.eu\/index.php\/wp-json\/wp\/v2\/pages\/115\/revisions"}],"predecessor-version":[{"id":1922,"href":"https:\/\/t4lent.eu\/index.php\/wp-json\/wp\/v2\/pages\/115\/revisions\/1922"}],"wp:featuredmedia":[{"embeddable":true,"href":"https:\/\/t4lent.eu\/index.php\/wp-json\/wp\/v2\/media\/868"}],"wp:attachment":[{"href":"https:\/\/t4lent.eu\/index.php\/wp-json\/wp\/v2\/media?parent=115"}],"curies":[{"name":"wp","href":"https:\/\/api.w.org\/{rel}","templated":true}]}}